*z**3 + 58. Determine d(-11).
4
Let x(r) = -r**2 - 10*r - 17. Let q be x(-6). Let l(g) be the third derivative of -1/2*g**3 + 5 - 1/4*g**4 + 1/120*g**6 + 0*g - g**2 - 1/10*g**5. What is l(q)?
4
Let n(r) be the second derivative of r**5/20 - 49*r**4/12 + r**3/3 - 47*r**2 - 7547*r. Give n(49).
4
Let u(h) = h + 8. Suppose -13*b + 29*b = 19*b. Suppose b = 5*g - 2*y + 30, 4*g + 6*y - 10*y = -12. Determine u(g).
0
Let z(x) be the second derivative of -7/10*x**5 - 1/2*x**2 + 0*x**4 - 35*x + 1/3*x**3 + 0. What is z(1)?
-13
Let f(c) = 3*c**2 + 3*c - 5. Let a(b) = 7*b**2 + 5*b - 11. Let l(m) = 2*a(m) - 5*f(m). Let h = 1454 + -1457. Determine l(h).
9
Suppose -20208 = -15*u + 3177. Suppose u = 7*t - 1031. Let k(h) = -2*h + 3*h + h**2 + t*h**3 - 347*h**3. What is k(-1)?
-23
Suppose -8*j = -28 + 20. Let o(k) = 3*k**2 + 18*k - 2*k**2 + 23*k - 38*k + j. Determine o(-7).
29
Let l(x) = -x + 9. Suppose 6*d - 2*d - 692 = -4*z, -4*z = -d - 717. Let v = -171 + z. What is l(v)?
2
Let o(z) = -z**2 - 10*z - 12. Let g be (1/((-6)/9))/(3/16). Let x be o(g). Let i(t) = -4*t**2 + 8*t**2 - 4 - 3*t**3 + 2*t**3. Give i(x).
-4
Let w(y) = -y**3 + 17*y**2 - 70*y - 2. Let g be -2*(-8)/((-96)/(-18)) - -14 - 7. Determine w(g).
-2
Suppose 276 = -130*c - 259 - 505. Let w(o) = o + 13. What is w(c)?
5
Let q(j) = -j**2 + 7*j + 42. Let w(k) = 3*k**2 - 19*k - 156. Let x(v) = 7*q(v) + 2*w(v). Determine x(2).
0
Suppose -5*c - g = -33, 12*c - 14*c - 3*g + 8 = 0. Let z(j) = -7*j**2 + c*j**3 - 5*j**3 - 6 - j**3 + 6*j. Give z(6).
-6
Let j(x) be the second derivative of 18*x + 0 - 1/6*x**3 + 7*x**2. Determine j(6).
8
Let n(z) = 6*z - 20. Suppose 39*l - 1949 = -2105. What is n(l)?
-44
Let b(c) be the third derivative of 1/24*c**4 + 0 - 3*c**2 + 1/2*c**3 + 0*c. Let i = 446 - 450. Give b(i).
-1
Let y(w) = 11*w**2 - 19*w**2 - 55 + 34 + 12*w**2 - 20*w. What is y(-1)?
3
Suppose 4*j - j = 9. Let f = -46 + 48. Let x(i) = i + j - 10 + f + 10. Give x(-6).
-1
Suppose -9*b - 342 = -3*b. Let g be 2/(-6)*2 + (-209)/b. Let n(l) = 5*l + l**2 + l**g - 3*l**2 + 10*l**2. Calculate n(-7).
14
Let c(w) = -3*w + 0*w**2 - w**2 + 0*w + 1. Suppose 65074*t = 5*y + 65073*t + 2, -54 = 3*t. What is c(y)?
-3
Let g be 8/(-2)*(-4 - -2). Suppose q = 3*q - g*q. Let u(f) = f**3 - f**2 - 5. Determine u(q).
-5
Let r(s) = -2*s**2 - 16*s + 4. Let o be r(-7). Let t = o - 16. Let b(y) = 103*y**t - 1 - 102*y**2 + 4 + 0 + 6*y. Determine b(-4).
-5
Let i(d) be the second derivative of -d**3/3 - 13*d**2/2 - 390*d + 30. Suppose -3*j = -2*z + 19, -3*j - 2*z + z - 22 = 0. What is i(j)?
1
Let d be (0/(-3))/3 - 7. Let b be 5 + d + 3 + 2. Let w(v) = v**3 - 3*v**2 - 3*v + 1. Give w(b).
-8
Let c(l) be the first derivative of -l**4/2 + 3*l**3 + 13*l**2/2 + 11*l - 2732. Calculate c(6).
-19
Let q(d) = -d**2 + 97*d + 2073. Let p be q(-18). Let k(h) be the first derivative of h**3/3 + h**2 - 3*h + 1. Give k(p).
12
Let u(q) = q**2 - 7*q - 6. Let b be ((-12)/(-2 - 0))/(771/1028). Calculate u(b).
2
Let u(z) be the first derivative of 13*z**2/2 + 40*z - 5359. Calculate u(-5).
-25
Let k(n) be the second derivative of -n**5/20 + n**4/3 - n**3/2 - 3*n**2/2 - 9*n. Suppose -14*l + 10 = -11*l + t, 4*l - 3*t - 9 = 0. What is k(l)?
-3
Let x = 1430 - 1436. Let a(c) = c**2 + 14*c + 54. Calculate a(x).
6
Let b(j) = 31*j**2 - 10*j + 1. Let n(t) = 14*t**2 - 4*t. Let k(v) = -3*b(v) + 8*n(v). Give k(-1).
18
Suppose 0 = -2*g - 2*g + 20, -5*p - 4*g + 30 = 0. Let v(w) = w**3 + 5*w**2 - 4*w - 2. Give v(p).
18
Let h = 14136 - 14130. Let g(x) = -x**3 + 6*x**2 + 3*x + 15. Give g(h).
33
Let b(a) = -a**3 + a**2. Suppose -3*q + 15 = 0, -q + 244 = 4*d + 3539. Let s = d + 825. Determine b(s).
0
Let i(f) be the third derivative of 3*f**4/8 + 73*f**3/3 + 15*f**2 + 11*f + 1. Determine i(-16).
2
Let j(z) = z**2 + 2*z - 2. Let d = -193 - -219. Let w = d + -29. Give j(w).
1
Let y(o) = -o**2 - 16*o + 68. Let s = 10218 + -10214. Calculate y(s).
-12
Let q(l) = -7*l**2 + 14*l + 56. Let v(m) = -3*m**2 + 6*m + 25. Let u(n) = 2*q(n) - 5*v(n). Let y(c) = -c**3 + 13*c**2 + 14*c. Let s be y(14). Determine u(s).
-13
Let u(h) be the first derivative of -h**4/4 - h**3/3 + h**2/2 + 2*h + 1948. What is u(3)?
-31
Let r(v) = -v**3 - 2*v**2 + 3. Let c be 12/(((-66)/(-340))/11). Let m be c/(-10) - 2*-1. Let j = m + 63. What is r(j)?
12
Let o(v) = -63*v + 306. Let q = -932 + 937. Determine o(q).
-9
Let i(l) = -2*l**3 - 4*l**2 - 6*l - 6. Suppose -o = -x - 1, 32*o = -4*x + 27*o - 22. What is i(x)?
30
Let w(l) be the first derivative of 1/3*l**3 - 2*l + 101 + 5/2*l**2. What is w(-8)?
22
Let a(d) = -3*d + 17. Let t be a(-3). Let c(y) = 5 + 12 + 10 - t + y. Give c(3).
4
Suppose -80*h = -20*h + 840. Let o(p) = 8*p + 108. What is o(h)?
-4
Let w(y) = -2*y + 39. Let c be w(18). Suppose -o + c*o = -4*f + 14, -2*o - 2*f + 16 = 0. Let r(u) = 0 + 0*u - o + 8 - 6*u. What is r(-1)?
5
Let f(u) = -83*u + 529. Let l(m) = -12*m + 76. Let q(y) = -2*f(y) + 15*l(y). Calculate q(5).
12
Let s(z) = z**3 - 9*z**2 - 24*z + 25. Let y be s(11). Suppose 10 = -5*c - 5*d, 2*d - y = -5. Let b(i) = -9*i. Calculate b(c).
9
Let d be (-33 + 18)/((-5)/6). Suppose 10*y + 8 - d = 0. Let m be 1*-2 - y*(-4)/4. Let u(h) = 4*h**2 - h - 1. What is u(m)?
4
Let f = -1029 - -1045. Suppose f = 5*h - 31*d + 33*d, 5*d = -10. Let o(c) = -c**2 + 6*c - 1. Calculate o(h).
7
Suppose -p + s = -3*s - 26, 3*s = -p - 9. Let o(w) = -p + w**2 + 2 + 1. Let c be 0*1/(-1 + 4). Determine o(c).
-3
Suppose 0 = 32*v + 6 - 194 - 4. Let c(m) = 3*m**3 + 9*m**2 + 6*m - 3. Let a(i) = -7*i**3 - 19*i**2 - 12*i + 5. Let n(w) = -4*a(w) - 9*c(w). Calculate n(v).
7
Let d(r) = -5*r**3 + r**2 + 16*r - 2. Let u(x) = 6*x**3 - 20*x + 3. Suppose 57*i + 51 = -177. Let t(k) = i*u(k) - 5*d(k). Calculate t(5).
-2
Let u(v) = -v**3 - v**2 - v + 57. Suppose 0 = -839*f + 874*f. Calculate u(f).
57
Let m be (4/6)/(6/(-9)). Let t(w) = 69*w**3 - w. Determine t(m).
-68
Let z(k) = k - k - 2*k - 9. Let v(c) = -3*c**2 + 31*c - 6. Let p be v(10). Let x be 4 - (11 + p + -4). Calculate z(x).
5
Let m(y) = 406*y**2 + 406*y**2 - 1213*y**2 + 3 + 402*y**2 + 8*y. What is m(-2)?
-9
Let b be (-1)/2*(-8 - 52). Suppose -5*p - b = -15*p. Let x(m) = -3*m + 3. Give x(p).
-6
Let u(r) = -23*r + 18. Suppose -6 = 54*i + 264. Let c(y) = 19*y - 17. Let t(j) = i*u(j) - 6*c(j). What is t(-7)?
5
Let p = 216 + -187. Let t(l) = -p + 23 + 2*l + 2. Calculate t(3).
2
Let u(r) be the second derivative of r**4/12 - 23*r**3/6 + 62*r**2 - 6046*r. What is u(8)?
4
Let x(v) = v**2 + 10*v - 5. Suppose 2*u = -413 + 391. Let a be x(u). Let p(t) = t**2 - 10*t + 8. What is p(a)?
-16
Let s(x) = -741*x - 5932. Let l be s(-8). Let d(u) = -25*u + 29. Give d(l).
129
Let a(v) = v**2 - 3*v - 35. Let m be 0/4 - (-9 - -13). Let n be a(m). Let z(t) be the second derivative of -t**4/12 - 4*t**3/3 + 7*t**2/2 - t. Calculate z(n).
14
Let i(q) = -4*q + 3. Suppose -15*w + 531 = 44*w. Determine i(w).
-33
Let o be (0 + (-6)/4)/((-52)/((-7488)/(-108))). Let n(u) = -32*u - 6. Determine n(o).
-70
Let j(a) = -a**3 - 11*a**2 - 10*a + 12. Suppose -336 = -10*l + 6*l. Let z = -94 + l. Determine j(z).
12
Let f(v) = -v**3 + 14*v**2 + 9*v + 12. Let r be f(8). Let o(a) = 236 - r + 2*a - a + 237. Let s(c) = -3*c + 13. Let d be s(7). Calculate o(d).
-3
Suppose 4*k - 2*i = 0, 0 = -22*i + 17*i + 20. Let j(r) = -7*r**2 + 14*r**k - 6*r**2 + 8*r - 20. Determine j(-10).
0
Let z(g) = -g**2 - 7*g + 3. Suppose 3 + 5 = 2*f. Suppose -f*i + 66 - 98 = 0. What is z(i)?
-5
Let i(c) = 5*c**2 + 2*c**3 - 17*c**2 - 5*c**3 - 10 + 7*c. Let w(f) = -f**3 - 2*f**2 + f - 1. Let m(x) = i(x) - 4*w(x). What is m(4)?
6
Let w be 5 - 8 - -5*1. Suppose -3*c = -5*c + w. Let z(a) be the third derivative of -a**6/6 - a**4/24 + a**3/6 - 346*a**2. What is z(c)?
-20
Suppose b + 2*b = 21. Let v(n) = -3 - 2*n**3 - 7*n - 5 + 3*n**3 - 2*n**3 + b*n**2. Suppose 18*a + 18 = 79 + 47. Give v(a).
-14
Let v(q) = 753 - 2*q**2 + q**2 + 10*q - 1510 + 752. Give v(7).
16
Let a(h) = -h**3 + 10*h**2 - 14*h - 8. Suppose 0 = 3*j + 2*u - 26, -2*j + 7 = u - 10. What is a(j)?
8
Let d be (-10 - -8)/(-2 + 1). Let f(w) = 31*w**3 - w**d + w + 35*w**3 + 1 - 85*w**3. What is f(-1)?
18
Let r = 283 + -212. Let z be (-132)/(-2) + -2 + -1. Let h = z - r. Let p(j) = -j**3 - 7*j**2 + 8*j - 9. Calculate p(h).
-9
Suppose r = 2*p + 10, -3*p + 30 = 5*r